22?
74
Calculate the greatest common divisor of 686 and 14.
14
What is the highest common factor of 124 and 2542?
62
Calculate the greatest common divisor of 312 and 117.
39
Calculate the greatest common divisor of 639 and 171.
9
Calculate the greatest common factor of 1020 and 660.
60
Calculate the greatest common factor of 10160 and 160.
80
Calculate the highest common factor of 11 and 3.
1
What is the greatest common divisor of 96 and 168?
24
What is the greatest common factor of 1344 and 56?
56
Calculate the greatest common divisor of 96 and 474.
6
Calculate the greatest common factor of 16 and 236.
4
What is the greatest common factor of 9715 and 145?
145
Calculate the greatest common factor of 45 and 63.
9
What is the greatest common factor of 712 and 64?
8
Calculate the greatest common divisor of 12 and 18.
6
Calculate the highest common divisor of 10 and 610.
10
Calculate the greatest common divisor of 3792 and 48.
48
What is the highest common divisor of 7280 and 440?
40
What is the highest common factor of 38 and 1349?
19
What is the greatest common factor of 287 and 41?
41
What is the highest common divisor of 324 and 24?
12
What is the highest common factor of 9 and 774?
9
Calculate the highest common factor of 15 and 45.
15
What is the highest common factor of 30 and 582?
6
Calculate the highest common factor of 53 and 2597.
53
Calculate the highest common divisor of 6 and 1168.
2
Calculate the highest common divisor of 2792 and 12.
4
What is the highest common divisor of 3 and 489?
3
What is the highest common divisor of 8 and 1384?
8
Calculate the highest common factor of 17 and 1139.
17
What is the greatest common factor of 102 and 2567?
17
Calculate the greatest common divisor of 17 and 1.
1
Calculate the highest common factor of 1488 and 93.
93
Calculate the highest common factor of 624 and 234.
78
Calculate the greatest common divisor of 1776 and 333.
111
Calculate the highest common divisor of 11007 and 45.
9
What is the highest common factor of 133 and 3059?
133
What is the highest common factor of 204 and 68?
68
What is the highest common factor of 2422 and 865?
173
Calculate the highest common divisor of 646 and 170.
34
Calculate the highest common factor of 25024 and 184.
184
What is the greatest common factor of 36 and 153?
9
Calculate the highest common divisor of 17501 and 37.
37
Calculate the greatest common factor of 768 and 24.
24
What is the highest common divisor of 2232 and 12?
12
What is the highest common divisor of 5076 and 864?
108
Calculate the highest common divisor of 172 and 68.
4
Calculate the highest common divisor of 19532 and 76.
76
What is the greatest common factor of 282 and 376?
94
Calculate the highest common divisor of 29903 and 51.
17
What is the highest common divisor of 192 and 72?
24
Calculate the highest common divisor of 448 and 672.
224
What is the greatest common factor of 75 and 525?
75
What is the greatest common divisor of 351 and 312?
39
Calculate the highest common divisor of 27 and 1161.
27
What is the highest common divisor of 4374 and 108?
54
What is the greatest common divisor of 528 and 768?
48
Calculate the greatest common divisor of 835 and 5.
5
Calculate the greatest common factor of 30220 and 5.
5
What is the greatest common factor of 9 and 1377?
9
What is the highest common divisor of 44 and 286?
22
What is the greatest common divisor of 54 and 180?
18
What is the greatest common factor of 114 and 1102?
38
What is the greatest common divisor of 30 and 3615?
15
Calculate the greatest common factor of 2919 and 42.
21
Calculate the greatest common divisor of 27 and 189.
27
What is the highest common factor of 2997 and 777?
111
What is the highest common divisor of 165 and 605?
55
What is the highest common divisor of 46 and 414?
46
What is the highest common divisor of 8 and 856?
8
What is the greatest common factor of 3022 and 2?
2
What is the highest common factor of 94139 and 23?
23
Calculate the highest common factor of 663 and 306.
51
Calculate the greatest common divisor of 11 and 77.
11
Calculate the greatest common factor of 234 and 2496.
78
What is the greatest common divisor of 645 and 387?
129
What is the highest common divisor of 440 and 2750?
110
Calculate the greatest common factor of 494 and 1178.
38
What is the greatest common factor of 40174 and 106?
106
Calculate the greatest common divisor of 15736 and 42.
14
What is the greatest common factor of 70 and 1190?
70
Calculate the highest common factor of 83 and 1411.
83
What is the highest common factor of 576 and 9408?
192
Calculate the greatest common factor of 106 and 742.
106
What is the greatest common factor of 31 and 589?
31
What is the greatest common factor of 25 and 6775?
25
Calculate the highest common divisor of 2173 and 53.
53
Calculate the highest common factor of 19 and 6973.
19
Calculate the greatest common factor of 536 and 24.
8
Calculate the highest common divisor of 135 and 1545.
15
What is the greatest common divisor of 26 and 45292?
26
What is the greatest common factor of 10 and 110?
10
What is the highest common factor of 32 and 416?
32
Calculate the highest common factor of 68081 and 13.
13
Calculate the greatest common factor of 24 and 4056.
24
What is the highest common factor of 95020 and 20?
20
Calculate the highest common divisor of 261 and 13688.
29
Calculate the greatest common divisor of 1064 and 56.
56
What is the highest common factor of 1027 and 395?
79
Calculate the greatest common factor of 663 and 39.
39
What is the highest common factor of 5202 and 54?
18
What is the highest common factor of 493 and 232?
29
Calculate the greatest common factor of 1917 and 1065.
213
What is the greatest common divisor of 108 and 1350?
54
What is the highest common divisor of 42 and 1155?
21
What is the highest common divisor of 27 and 8829?
27
What is the highest common factor of 688 and 144?
16
What is the highest common divisor of 18 and 930?
6
Calculate the highest common divisor of 1030 and 170.
10
Calculate the highest common divisor of 56 and 84.
28
What is the highest common divisor of 13244 and 344?
172
Calculate the highest common divisor of 826 and 14.
14
Calculate the highest common divisor of 84 and 108.
12
Calculate the highest common divisor of 308 and 392.
28
Calculate the highest common factor of 16 and 16400.
16
Calculate the greatest common divisor of 17119 and 34.
17
Calculate the highest common divisor of 3470 and 10.
10
What is the highest common divisor of 52 and 65?
13
Calculate the highest common divisor of 608 and 1748.
76
Calculate the greatest common factor of 210 and 7.
7
What is the greatest common factor of 765 and 2210?
85
What is the greatest common factor of 6183 and 1832?
229
Calculate the greatest common factor of 19 and 7.
1
What is the greatest common factor of 342 and 72?
18
What is the greatest common factor of 1648 and 72?
8
What is the greatest common divisor of 26 and 169?
13
What is the greatest common factor of 96 and 60?
12
Calculate the greatest common factor of 50 and 17950.
50
What is the highest common factor of 10460 and 10?
10
Calculate the highest common divisor of 154 and 29414.
154
What is the highest common divisor of 711 and 18?
9
Calculate the highest common divisor of 39349 and 109.
109
Calculate the highest common factor of 155 and 17670.
155
What is the greatest common factor of 99 and 171?
9
What is the highest common factor of 780 and 4992?
156
Calculate the highest common factor of 18 and 852.
6
What is the highest common factor of 234 and 78?
78
What is the greatest common factor of 27 and 54?
27
Calculate the highest common divisor of 108 and 36.
36
Calculate the highest common divisor of 321 and 15.
3
What is the greatest common factor of 1849 and 43?
43
What is the greatest common factor of 13 and 377?
13
Calculate the greatest common divisor of 56 and 1064.
56
Calculate the highest common divisor of 74 and 6.
2
Calculate the highest common factor of 2664 and 88.
8
What is the greatest common divisor of 34 and 90?
2
Calculate the greatest common divisor of 1394 and 102.
34
Calculate the greatest common divisor of 28 and 86.
2
What is the highest common divisor of 216 and 16?
8
What is the greatest common factor of 14